eatest common divisor of 12 and 3618?
6
What is the highest common divisor of 3077 and 17?
17
What is the highest common divisor of 51 and 7701?
51
Calculate the highest common factor of 434 and 620.
62
Calculate the greatest common divisor of 54 and 162.
54
Calculate the greatest common divisor of 48 and 1956.
12
Calculate the highest common factor of 10 and 1790.
10
What is the greatest common divisor of 87 and 696?
87
Calculate the greatest common divisor of 102 and 6.
6
What is the highest common factor of 134 and 335?
67
Calculate the highest common divisor of 11 and 2354.
11
Calculate the greatest common factor of 32 and 4000.
32
Calculate the greatest common factor of 40 and 1080.
40
Calculate the highest common factor of 3 and 183.
3
Calculate the highest common factor of 369 and 6.
3
Calculate the highest common divisor of 1760 and 95.
5
Calculate the highest common factor of 12 and 1524.
12
Calculate the greatest common divisor of 60 and 1185.
15
Calculate the greatest common divisor of 2356 and 620.
124
What is the greatest common factor of 88960 and 278?
278
What is the highest common divisor of 52 and 208?
52
Calculate the greatest common divisor of 32 and 9248.
32
Calculate the greatest common divisor of 15 and 54.
3
What is the highest common factor of 3315 and 30?
15
What is the greatest common divisor of 16 and 744?
8
Calculate the highest common factor of 2422 and 28.
14
Calculate the highest common factor of 50 and 225.
25
What is the highest common factor of 495 and 6710?
55
What is the greatest common divisor of 776 and 24?
8
Calculate the highest common divisor of 52 and 195.
13
Calculate the highest common divisor of 7 and 56.
7
What is the greatest common factor of 6171 and 816?
51
Calculate the highest common divisor of 195 and 22620.
195
Calculate the highest common divisor of 144 and 112.
16
What is the highest common factor of 288 and 432?
144
Calculate the highest common divisor of 2021 and 215.
43
Calculate the highest common divisor of 1686 and 9.
3
Calculate the highest common divisor of 38 and 82992.
38
Calculate the greatest common factor of 14 and 30142.
14
What is the highest common divisor of 22 and 274?
2
Calculate the highest common divisor of 96 and 736.
32
What is the highest common divisor of 13 and 3640?
13
What is the greatest common factor of 128 and 48?
16
What is the highest common factor of 39 and 3159?
39
What is the highest common factor of 6586 and 259?
37
What is the highest common divisor of 38232 and 324?
324
What is the highest common divisor of 188 and 37036?
188
Calculate the greatest common factor of 41 and 164.
41
Calculate the highest common factor of 3120 and 100.
20
What is the greatest common factor of 799 and 17?
17
Calculate the greatest common divisor of 296 and 8.
8
What is the highest common divisor of 10281 and 69?
69
Calculate the greatest common divisor of 774 and 9.
9
What is the greatest common factor of 1188 and 432?
108
Calculate the highest common factor of 880 and 50.
10
What is the greatest common factor of 31 and 62?
31
Calculate the greatest common factor of 7 and 3836.
7
Calculate the greatest common divisor of 8 and 344.
8
Calculate the highest common factor of 323 and 578.
17
What is the highest common divisor of 20827 and 706?
353
What is the greatest common divisor of 15 and 3435?
15
Calculate the highest common divisor of 102 and 3.
3
Calculate the highest common factor of 10 and 7090.
10
What is the highest common factor of 175 and 25?
25
What is the highest common factor of 1890 and 2100?
210
Calculate the highest common divisor of 65 and 2743.
13
Calculate the greatest common factor of 522 and 27.
9
Calculate the highest common factor of 280 and 16.
8
What is the highest common factor of 13 and 10777?
13
What is the greatest common divisor of 204 and 2346?
102
Calculate the greatest common divisor of 38 and 171.
19
Calculate the highest common factor of 2 and 18.
2
Calculate the greatest common factor of 66 and 4587.
33
What is the greatest common factor of 33 and 8272?
11
Calculate the greatest common factor of 118 and 12626.
118
What is the greatest common factor of 26 and 351?
13
What is the greatest common divisor of 15 and 18975?
15
What is the greatest common divisor of 1848 and 99?
33
Calculate the greatest common divisor of 168 and 78.
6
Calculate the greatest common factor of 2453 and 66.
11
Calculate the highest common factor of 24 and 5736.
24
What is the highest common factor of 286 and 182?
26
Calculate the highest common factor of 221 and 612.
17
Calculate the highest common divisor of 235 and 10.
5
Calculate the highest common divisor of 9408 and 2058.
294
Calculate the highest common divisor of 2068 and 44.
44
Calculate the highest common factor of 80 and 1080.
40
Calculate the greatest common factor of 1384 and 8.
8
What is the greatest common divisor of 987 and 3102?
141
What is the highest common divisor of 1 and 1481?
1
What is the greatest common factor of 4307 and 73?
73
Calculate the greatest common divisor of 522 and 432.
18
Calculate the highest common factor of 1403 and 23.
23
Calculate the highest common divisor of 1 and 5.
1
What is the greatest common factor of 3942 and 81?
27
What is the highest common divisor of 1380 and 46?
46
Calculate the greatest common divisor of 61 and 1.
1
What is the greatest common factor of 2 and 554?
2
What is the highest common factor of 855 and 135?
45
Calculate the highest common factor of 276 and 384.
12
What is the greatest common divisor of 24 and 1212?
12
What is the highest common divisor of 1090 and 140?
10
Calculate the highest common factor of 36 and 276.
12
Calculate the greatest common factor of 35 and 1085.
35
What is the greatest common divisor of 39 and 27?
3
What is the highest common divisor of 20 and 16?
4
What is the greatest common divisor of 21 and 399?
21
Calculate the highest common factor of 1173 and 966.
69
Calculate the highest common divisor of 48 and 666.
6
What is the highest common divisor of 18 and 3066?
6
Calculate the highest common factor of 51 and 9979.
17
Calculate the highest common divisor of 7220 and 475.
95
What is the highest common factor of 194 and 1067?
97
Calculate the greatest common factor of 34 and 187.
17
What is the highest common divisor of 138 and 18?
6
What is the greatest common factor of 6100 and 25?
25
What is the greatest common factor of 183 and 7625?
61
What is the greatest common divisor of 712 and 43076?
356
What is the highest common factor of 132 and 6303?
33
Calculate the highest common divisor of 1462 and 170.
34
What is the greatest common divisor of 20 and 1600?
20
What is the highest common divisor of 833 and 98?
49
What is the highest common divisor of 114 and 66?
6
What is the highest common factor of 24 and 104640?
24
Calculate the highest common divisor of 294 and 13083.
147
Calculate the greatest common divisor of 999 and 74.
37
Calculate the highest common factor of 160 and 1010.
10
What is the highest common divisor of 323 and 19?
19
Calculate the highest common factor of 8 and 172.
4
Calculate the greatest common factor of 44 and 380.
4
What is the highest common factor of 19047 and 42?
21
Calculate the greatest common factor of 1955 and 115.
115
What is the highest common factor of 220 and 40?
20
What is the highest common divisor of 51706 and 206?
206
What is the highest common factor of 153 and 36?
9
Calculate the greatest common divisor of 58 and 986.
58
Calculate the greatest common divisor of 65 and 25.
5
What is the highest common factor of 726 and 4224?
66
What is the highest common divisor of 270 and 30?
30
Calculate the highest common factor of 27 and 2.
1
Calculate the greatest common factor of 9 and 72.
9
Calculate the greatest common divisor of 4653 and 495.
99
Calculate the highest common factor of 22 and 682.
22
What is the greatest common factor of 867 and 6?
3
Calculate the greatest common divisor of 9 and 1059.
3
Calculate the highest common divisor of 119 and 34.
17
Calculate the greatest common divisor of 6534 and 1485.
297
Calculate the greatest common divisor of 345 and 6785.
115
What is the greatest common factor of 3156 and 12?
12
Calculate the greatest common factor of 79 and 553.
79
What is t